 5, 4*z - 5*j = -117. Let v = d - z. What is the highest common factor of v and 33?
11
Suppose -48 = -2*w + 12. Suppose 24*x + 324 = w*x. What is the greatest common divisor of x and 414?
18
Let w = -147 + 129. Let d be (-3056)/(-96) - 3/w. What is the greatest common factor of 24 and d?
8
Let x = 617 - 642. Let w be -12 + 7 - -9 - (x - -2). Calculate the highest common factor of w and 33.
3
Suppose -23*k + 21*k - 4 = 4*y, -4*k - y + 20 = 0. Calculate the highest common factor of 66 and k.
6
Suppose 221*d = 23047 - 1168. Let o(j) = j**2 - 2*j + 1. Suppose 3*m + 8 = 2. Let l be o(m). What is the greatest common factor of l and d?
9
Suppose -9602 + 216 - 3044 = -565*i. Let b = 60 + -40. Suppose 0 = 2*c + 2*l - b, -5*c = 3*l - 17 - 35. Calculate the greatest common factor of c and i.
11
Let g = 203 - 137. Let y be (-8)/(-28)*28 - -454. What is the highest common divisor of y and g?
66
Let c(t) = 58*t**2 + 22*t - 45. Let o be c(5). What is the greatest common divisor of 45 and o?
15
Let q = 118 + -121. Let y be (-105)/q*22/55. Calculate the greatest common factor of y and 63.
7
Suppose 2*r = -9*r - 5*r + 512. What is the greatest common factor of r and 1496?
8
Suppose 198*p + 946 = 220*p. What is the highest common factor of p and 52847?
43
Let r be (104*8/80 + 5 + -10)*5. Calculate the highest common factor of r and 2547.
9
Let f = 23 + -38. Let p be 5/f - 482/(-6). Suppose -51 = -5*u + m, -u + 11 = -0*m - m. Calculate the greatest common divisor of p and u.
10
Let s be 54*(7/8)/(1/4). Suppose 27*y + s = 36*y. Calculate the greatest common factor of 35 and y.
7
Suppose 5*f + 738 = 371*u - 370*u, 2094 = 3*u + 5*f. What is the highest common divisor of 295 and u?
59
Suppose 193*v - 195*v = -3*i - 554, -i = -4*v + 1138. What is the greatest common factor of 506 and v?
22
Let q = 94 - 112. Let m be q*(-2 - (-4 + 11/3)). Calculate the greatest common divisor of m and 3.
3
Suppose 99*l - 245940 = 53411 + 145555. Calculate the highest common factor of 42 and l.
42
Let g = -176 + 195. Suppose 4*s - g = 21. Calculate the greatest common factor of 210 and s.
10
Let h be 1*52 - (1 - 182/(-26)). Calculate the greatest common divisor of 506 and h.
22
Let b = -9 + 41. Suppose 0 = -b*u + 112 + 336. Calculate the greatest common factor of 77 and u.
7
Suppose 0 = -3*x - 3*v + 93, 0*x + v = -4*x + 118. Let s = x + -15. Calculate the greatest common factor of s and 21.
7
Suppose 8 = 2*n + 2. Let m be 1*132 + (1 - n - -2). Suppose 2*a = -4*u + 8, 2*a + 2 - 6 = -5*u. What is the highest common divisor of m and a?
12
Let u be (2 + 0)*60/8. Suppose 4*h = -u + 703. Suppose 12 = -10*i + h. What is the highest common divisor of 16 and i?
16
Let o = 177 - 177. Suppose -5*s - 5*a + 2725 = 0, s + 3*a + 37 - 592 = o. Calculate the highest common factor of s and 40.
20
Suppose 16 = 5*p - 4. Let z(n) = -n**3 + 7*n**2 - 16*n + 28. Let d be z(5). Let b = p - d. What is the greatest common factor of 8 and b?
2
Suppose 8*g - 850 - 2582 = 0. Let c(y) = -25*y + 353. Let h be c(11). What is the highest common divisor of h and g?
39
Let p(k) = -23*k + 2. Let g be p(-1). Suppose 0 = -285*y + 279*y + 1200. Calculate the greatest common divisor of g and y.
25
Suppose -a - 3*q + 214 = 0, -5*a = -15*q + 11*q - 1108. Let f = -164 + a. What is the highest common factor of 42 and f?
14
Let d(l) = l**3 + 33*l**2 + 28. Let h be d(-33). Suppose 8 - h = -p + 4*a, -4*a + 80 = 4*p. What is the highest common factor of 5 and p?
5
Let g = -3303 - -3607. What is the highest common factor of g and 144?
16
Let s = 31 - 22. Let x(z) = 2*z**2 - 17*z + 21. Let d be x(s). Let j = d + 48. What is the greatest common divisor of 52 and j?
26
Let w be (32/24)/((-1)/(-3)). Suppose w*h - 1575 = -5*h. What is the greatest common divisor of 35 and h?
35
Let w = -9030 - -9758. What is the highest common divisor of 9880 and w?
104
Suppose -8*v - v + 153 = 0. Let g = 27 - v. Suppose -4*y + 3*l + 323 + 12 = 0, -4*y - l + 315 = 0. What is the highest common factor of g and y?
10
Let a be (2 + -4)*38/(-4). Suppose -j = 3*j + k - a, 5*j = 3*k + 45. Suppose 144 = j*z + 3*z. What is the greatest common factor of z and 40?
8
Let v(s) = -s - s**2 - 24 + s**3 + 16 + 29. Let q be v(0). Calculate the greatest common divisor of 18 and q.
3
Suppose -m + 6*s + 35 = 3*s, -2*s + 30 = m. Suppose 226 = m*w - 734. Let n = 35 - -40. What is the highest common divisor of w and n?
15
Suppose -d + 294 = -5*c, 33*d - 28*d - c = 1518. Calculate the greatest common factor of 2546 and d.
38
Let j(m) = 6*m + 88. Let a(o) = -2*o - 29. Let s(t) = 16*a(t) + 5*j(t). Let k be s(-9). Let i be (-22)/k + 6/18. What is the highest common divisor of i and 2?
2
Let a = -533 - -683. What is the greatest common factor of 30 and a?
30
Let w be (1248/48)/((-4)/(-162)). What is the greatest common divisor of 104 and w?
13
Let g(n) = 6*n + 2*n + 5*n - n**3 - 10 - 14*n**2. Let a be g(-15). Suppose 0*s = -s - 5*y - 6, 4*s - 2*y = 20. Calculate the highest common factor of s and a.
4
Let y(g) = 224*g + 349. Let k be y(-1). What is the greatest common divisor of k and 3375?
125
Let s be (656/(-3))/(-8)*351/26. What is the greatest common factor of s and 1312?
41
Suppose 0 = -113*r + 29*r + 15456. Calculate the highest common divisor of r and 207.
23
Let m(h) = 40*h**3 - h**2 + h. Let b be m(1). Suppose 194 = 2*r - 2*p, 212*p - 216*p = 3*r - 242. Calculate the highest common factor of r and b.
10
Let u(x) = 5*x**2 - 67*x + 496. Let o be u(9). Calculate the highest common factor of 4 and o.
2
Let m(g) = -10*g**3 - 399*g**2 + 45*g + 218. Let q be m(-40). Calculate the greatest common divisor of q and 5184.
18
Let q be (-4 - -5)*185 - 2 - 1. Let o = -135 + q. What is the greatest common divisor of o and 141?
47
Let r(t) = 3*t**2 + 2*t + 4. Let l be r(8). Let n be 105*(l/56 + -4)*-4. Let s = n - 6. Calculate the greatest common divisor of 12 and s.
12
Suppose 140 = -4*a - 2*u, 0*u - 5*u = -a - 24. Let j = a + 72. What is the highest common divisor of j and 380?
38
Let s = -2825 + 2873. Suppose -3*d + 72 = -d. What is the highest common divisor of d and s?
12
Suppose 6*t + 4 = 16. Suppose -t*s - f = -13, 3*s = -5*f - 0*f + 16. Calculate the greatest common factor of s and 56.
7
Let a(g) = 5*g - 125. Let x be a(17). Let y be -32*(-2)/6*(-780)/x. What is the greatest common divisor of 16 and y?
16
Suppose 3*l + 4*s = 2*s + 147, -91 = -2*l + s. Suppose f + 72 = -f. Let g = l + f. What is the highest common divisor of 44 and g?
11
Suppose 22*v = 43*v - 4*u - 30857, 0 = -2*v - u + 2936. What is the highest common factor of v and 91?
13
Suppose 5*q + 1 = -57*m + 56*m, -2*m = -2*q + 2. Suppose -20*y + y + 1824 = q. What is the greatest common divisor of y and 80?
16
Suppose -3*r = 4*p - 5, 5*p = -2*r - 0 + 15. Suppose p*h = c + 1455, h + 2*c - 166 - 136 = 0. Calculate the highest common factor of h and 4.
4
Suppose -19018 = 70*x - 61018. Calculate the highest common divisor of 72 and x.
24
Let p be 72/270*(156 + -1)*(-6 - -9). What is the highest common divisor of 496 and p?
124
Let t(f) = 2*f**2 + 9*f - 2. Let y be t(-5). Suppose -3*u + i + 1 = y*i, -u - 1 = i. Suppose -u*r + 336 = r. Calculate the highest common factor of r and 56.
28
Suppose 5*j - 15*j = -500. Let u = -1263 + 1613. Calculate the greatest common divisor of u and j.
50
Let s be -80*(1136/80 - 15). Calculate the greatest common factor of s and 2048.
64
Let q = 614 - 246. Calculate the highest common divisor of q and 46.
46
Suppose 33*q = -2*n + 25*q + 652, -6*q + 1518 = 5*n. What is the highest common divisor of 3248 and n?
14
Suppose -2*k + 8 = -5*p - 144, 3*k = 5*p + 233. Suppose -o = -u - 33, k + 114 = 5*o + 5*u. What is the highest common divisor of 9 and o?
9
Suppose 3*c - 4*m = 3096, -748 = -c + 4*m + 284. What is the greatest common factor of 168 and c?
24
Let n = -1203 - -1303. Suppose 0 = -v - 4*v - 4*k + 1230, -4*v = 2*k - 990. What is the highest common factor of v and n?
50
Let m(u) = u**3 - 16*u**2 + 18*u - 660. Let t be m(18). What is the highest common factor of 72 and t?
24
Let i(d) = -d**2 - 57*d + 54. Let q be i(-25). Suppose 0 = -13*v + 147 + q. Let h = -53 - -75. What is the greatest common divisor of h and v?
11
Suppose -56 = -102*w + 98*w. Suppose 9*x - 230 + w = 0. What is the greatest